 the prime factors of 339823279?
503, 675593
List the prime factors of 5157999.
3, 7, 11, 827
What are the prime factors of 21375628?
2, 5343907
What are the prime factors of 1065500792?
2, 6571, 20269
List the prime factors of 269625367.
11, 24511397
List the prime factors of 13216488.
2, 3, 379, 1453
List the prime factors of 420969829.
7, 29, 296249
What are the prime factors of 577177710?
2, 3, 5, 17, 1131721
List the prime factors of 109848935.
5, 7, 448363
What are the prime factors of 577201751?
7, 82457393
List the prime factors of 52393939.
13, 941, 4283
List the prime factors of 117842642.
2, 197, 349, 857
What are the prime factors of 2522710226?
2, 157, 911, 8819
List the prime factors of 109765674.
2, 3, 83, 73471
List the prime factors of 1607780372.
2, 11, 17, 89, 24151
List the prime factors of 222840077.
23, 9688699
What are the prime factors of 467238126?
2, 3, 77873021
What are the prime factors of 7438104527?
7, 23, 29, 373, 4271
List the prime factors of 2388738.
2, 3, 11, 17, 2129
List the prime factors of 56745026.
2, 13, 223, 9787
List the prime factors of 148960805.
5, 7, 227, 18749
What are the prime factors of 1975477390?
2, 5, 29, 2243, 3037
What are the prime factors of 1010704192?
2, 3217, 4909
List the prime factors of 596018099.
596018099
What are the prime factors of 12782308?
2, 7, 11, 47, 883
List the prime factors of 246756710.
2, 5, 503, 49057
List the prime factors of 43656667.
131, 151, 2207
List the prime factors of 8355374810.
2, 5, 113, 7394137
List the prime factors of 78489080.
2, 5, 29, 71, 953
What are the prime factors of 319655752?
2, 13, 311, 9883
List the prime factors of 2826470.
2, 5, 23, 12289
What are the prime factors of 190173612?
2, 3, 827, 19163
List the prime factors of 69875003.
11, 163, 38971
What are the prime factors of 95562861?
3, 23, 769, 1801
List the prime factors of 386426216.
2, 11, 61, 71987
What are the prime factors of 109422210?
2, 3, 5, 53, 68819
What are the prime factors of 1415511?
3, 157279
List the prime factors of 231605493.
3, 7, 701, 15733
What are the prime factors of 20840329?
89, 234161
What are the prime factors of 164955858?
2, 3, 59, 465977
List the prime factors of 4935591.
3, 548399
List the prime factors of 2194349196.
2, 3, 13, 109, 129049
List the prime factors of 1430757353.
31, 277, 166619
What are the prime factors of 31849780?
2, 5, 1592489
List the prime factors of 5012838032.
2, 463, 676679
List the prime factors of 73626107.
191, 269, 1433
What are the prime factors of 760797954?
2, 3, 7, 2012693
List the prime factors of 43330023.
3, 11, 437677
List the prime factors of 1141008203.
1141008203
What are the prime factors of 7856101?
11, 19, 37589
List the prime factors of 56382342.
2, 3, 811, 11587
List the prime factors of 29974798.
2, 7, 2141057
What are the prime factors of 69321196?
2, 7, 19, 130303
List the prime factors of 130807417.
13, 23, 827
List the prime factors of 2008545730.
2, 5, 200854573
List the prime factors of 7163518.
2, 613, 5843
What are the prime factors of 41177380?
2, 5, 2058869
List the prime factors of 1400986836.
2, 3, 131, 419, 709
List the prime factors of 63947241.
3, 101, 103, 683
What are the prime factors of 153555541?
281, 546461
List the prime factors of 993981265.
5, 198796253
List the prime factors of 128264280.
2, 3, 5, 419, 2551
List the prime factors of 146387284.
2, 36596821
List the prime factors of 65454557.
7, 43, 217457
List the prime factors of 358122421.
29, 12349049
List the prime factors of 3209757504.
2, 3, 373, 44819
List the prime factors of 438847495.
5, 87769499
List the prime factors of 10623668.
2, 11, 83, 2909
What are the prime factors of 600626270?
2, 5, 211, 284657
List the prime factors of 364197877.
47, 61, 127031
What are the prime factors of 62683122?
2, 3, 103, 101429
List the prime factors of 212539783.
79, 2690377
List the prime factors of 2076113104.
2, 13, 2447, 4079
List the prime factors of 969554783.
969554783
What are the prime factors of 144583773?
3, 23, 281, 7457
What are the prime factors of 26180356?
2, 6545089
What are the prime factors of 183855701?
37, 1571, 3163
What are the prime factors of 412989704?
2, 17, 233, 13033
List the prime factors of 102754220.
2, 5, 47, 109313
What are the prime factors of 8572512?
2, 3, 13, 6869
List the prime factors of 984553363.
1021, 964303
What are the prime factors of 1215672740?
2, 5, 37, 1642801
List the prime factors of 370140087.
3, 41, 43, 47, 1489
What are the prime factors of 109485554?
2, 4759, 11503
What are the prime factors of 62117058?
2, 3, 10352843
What are the prime factors of 271050849?
3, 29, 463, 2243
What are the prime factors of 564303739?
564303739
What are the prime factors of 668602685?
5, 19, 29, 53, 241
What are the prime factors of 349869983?
83, 4215301
What are the prime factors of 290186187?
3, 96728729
What are the prime factors of 8613717?
3, 7, 43, 9539
List the prime factors of 2639359772.
2, 7, 367, 419, 613
List the prime factors of 655237400.
2, 5, 41, 79907
List the prime factors of 48325707.
3, 883, 2027
What are the prime factors of 59901083?
11, 31, 175663
What are the prime factors of 284284355?
5, 71, 800801
What are the prime factors of 798716400?
2, 3, 5, 23, 43, 673
List the prime factors of 768012489.
3, 619, 45953
What are the prime factors of 26154595?
5, 97, 53927
What are the prime factors of 2090016057?
3, 17, 40980707
What are the prime factors of 265301223?
3, 11, 8039431
What are the prime factors of 6246443?
7, 919, 971
What are the prime factors of 4298816053?
7, 569, 1079291
List the prime factors of 63639957.
3, 43, 493333
List the prime factors of 162694449.
3, 2309, 7829
List the prime factors of 1038934764.
2, 3, 7, 71, 58067
List the prime factors of 18729914.
2, 7, 1337851
List the prime factors of 29408952.
2, 3, 1225373
What are the prime factors of 523438178?
2, 73, 151, 23743
List the prime factors of 60936436.
2, 11, 1384919
List the prime factors of 261097261.
261097261
List the prime factors of 219086998.
2, 13, 239, 35257
What are the prime factors of 4640387159?
3019, 1537061
What are the prime factors of 817049363?
13, 47, 79, 16927
What are the prime factors of 37562895?
3, 5, 83, 89, 113
What are the prime factors of 15982477?
7, 19, 17167
What are the prime factors of 235569964?
2, 7, 131, 64223
List the prime factors of 145724303.
61, 1051, 2273
List the prime factors of 426818155.
5, 85363631
List the prime factors of 2245199900.
2, 5, 2677, 8387
List the prime factors of 888378006.
2, 3, 727, 203663
What are the prime factors of 74030360?
2, 5, 1850759
What are the prime factors of 444193237?
1801, 246637
List the prime factors of 1092790933.
13, 239, 509, 691
What are the prime factors of 127266741?
3, 7, 47, 14327
What are the prime factors of 4182475157?
7, 179, 3337969
What are the prime factors of 1069101376?
2, 7, 1201, 1987
List the prime factors of 144005123.
19, 479, 15823
List the prime factors of 43803791.
43803791
List the prime factors of 14736147.
3, 29, 107, 1583
List the prime factors of 127192403.
13, 19, 514949
List the prime factors of 542638516.
2, 7, 71, 107, 2551
List the prime factors of 7852456.
2, 751, 1307
List the prime factors of 321610210.
2, 5, 32161021
List the prime factors of 291284523.
3, 32364947
What are the prime factors of 220537688?
2, 7, 41, 96053
List the prime factors of 812217955.
5, 162443591
What are the prime factors of 160421606?
2, 80210803
What are the prime factors of 149753967?
3, 11, 431, 10529
What are the prime factors of 1142129457?
3, 7, 73, 82781
List the prime factors of 251747041.
7, 13, 59, 46889
What are the prime factors of 2052233649?
3, 228025961
List the prime factors of 2277669266.
2, 229, 4973077
List the prime factors of 46236834.
2, 3, 7, 67, 5477
What are the prime factors of 5966669847?
3, 1531, 1299079
List the prime factors of 1684914.
2, 3, 7, 11, 521
List the prime factors of 380139131.
2711, 140221
List the prime factors of 204909478.
2, 37, 59, 46933
What are the prime factors of 4648695611?
7, 17, 5580667
List the prime factors of 177205569.
3, 17, 3474619
List the prime factors of 230220439.
1583, 145433
What are the prime factors of 4450301124?
2, 3, 370858427
What 